{"id":1152,"date":"2025-12-08T18:50:52","date_gmt":"2025-12-08T17:50:52","guid":{"rendered":"https:\/\/robinhood.waw.pl\/?page_id=1152"},"modified":"2026-01-22T14:54:22","modified_gmt":"2026-01-22T13:54:22","slug":"voucher","status":"publish","type":"page","link":"https:\/\/robinhood.waw.pl\/index.php\/voucher\/","title":{"rendered":"voucher"},"content":{"rendered":"\n<div id=\"rh-hero-rh-section\" class=\"wp-block-group is-layout-constrained wp-block-group-is-layout-constrained\">\n<h2 class=\"wp-block-heading has-text-align-center rh-title\">Voucher prezentowy<\/h2>\n\n\n\n<h4 class=\"wp-block-heading has-text-align-center rh-lead\"><strong>Podaruj trening \u0142uczniczy najbli\u017cszej osobie. Elastyczne opcje, szybkie zam\u00f3wienie online<\/strong><\/h4>\n\n\n\n<div class=\"wp-block-group is-content-justification-center is-nowrap is-layout-flex wp-container-core-group-is-layout-23441af8 wp-block-group-is-layout-flex\">\n<p class=\"has-text-align-center wp-container-content-9e2f13cb\">Znasz kogo\u015b kto pasjonuje si\u0119 \u0142ucznictwem, chce si\u0119 poczu\u0107 jak Robin Hood lub lubi odkrywa\u0107 nowe aktywno\u015bci? Spraw mu jako prezent voucher na nasze zaj\u0119cia i pom\u00f3\u017c odkry\u0107 nowe pasje!  <\/p>\n<\/div>\n<\/div>\n\n\n\n<div class=\"wp-block-group rh-offers rh-section is-layout-constrained wp-block-group-is-layout-constrained\">\n<h3 class=\"wp-block-heading has-text-align-center\">Oferty<\/h3>\n\n\n\n<div class=\"wp-block-columns is-layout-flex wp-container-core-columns-is-layout-28f84493 wp-block-columns-is-layout-flex\">\n<div class=\"wp-block-column rh-offer is-layout-flow wp-block-column-is-layout-flow\">\n<div class=\"wp-block-group is-layout-constrained wp-block-group-is-layout-constrained\">\n<h4 class=\"wp-block-heading\">Pierwszy trening wprowadzaj\u0105cy<\/h4>\n\n\n\n<p class=\"intro\">Pierwsze spotkanie z \u0142ukiem i bezpieczn\u0105 technik\u0105.<\/p>\n\n\n\n<ul class=\"wp-block-list\">\n<li>90 minut z instruktorem na wy\u0142\u0105czno\u015b\u0107 w trakcie pierwszych zaj\u0119\u0107<\/li>\n\n\n\n<li>Wprowadzenie do techniki dla pocz\u0105tkuj\u0105cych<\/li>\n\n\n\n<li>Nauka bezpiecznej i odpowiedzialnej obs\u0142ugi \u0142uku<\/li>\n<\/ul>\n\n\n\n<p class=\"price\">Cena: 150z\u0142<\/p>\n<\/div>\n<\/div>\n\n\n\n<div class=\"wp-block-column rh-offer is-layout-flow wp-block-column-is-layout-flow\">\n<div class=\"wp-block-group is-layout-constrained wp-block-group-is-layout-constrained\">\n<h4 class=\"wp-block-heading\">Pierwszy trening + nast\u0119pny<\/h4>\n\n\n\n<p class=\"intro\">Wprowadzenie do \u0142ucznictwa i nast\u0119pny trening<\/p>\n\n\n\n<ul class=\"wp-block-list\">\n<li>Pierwsze indywidualne zaj\u0119cia z trenerem wprowadzaj\u0105ce do \u0142ucznictwa<\/li>\n\n\n\n<li>Nauka postawy, celowania i wypuszczania ci\u0119ciwy<\/li>\n\n\n\n<li>Samodzielna obs\u0142uga sprz\u0119tu, sk\u0142adania i rozk\u0142adania \u0142uku<\/li>\n<\/ul>\n\n\n\n<p class=\"price\">Cena: 220z\u0142<\/p>\n<\/div>\n<\/div>\n\n\n\n<div class=\"wp-block-column rh-offer is-layout-flow wp-block-column-is-layout-flow\">\n<div class=\"wp-block-group is-layout-constrained wp-block-group-is-layout-constrained\">\n<h4 class=\"wp-block-heading\">Pierwszy trening + 2 nast\u0119pne<\/h4>\n\n\n\n<p class=\"intro\">Wprowadzenie do \u0142ucznictwa i nabywanie samodzielno\u015bci<\/p>\n\n\n\n<ul class=\"wp-block-list\">\n<li>Indywidualne zaj\u0119cia wprowadzaj\u0105ce do \u0142ucznictwa<\/li>\n\n\n\n<li>Nabywanie dalszej samodzielno\u015bci w obs\u0142udze sprz\u0119tu i strzelaniu<\/li>\n\n\n\n<li>Korekta postawy i techniki przez naszych trener\u00f3w<\/li>\n<\/ul>\n\n\n\n<p class=\"price\">Cena: 290z\u0142<\/p>\n<\/div>\n<\/div>\n<\/div>\n\n\n\n<div class=\"wp-block-columns is-layout-flex wp-container-core-columns-is-layout-28f84493 wp-block-columns-is-layout-flex\">\n<div class=\"wp-block-column rh-offer is-layout-flow wp-block-column-is-layout-flow\">\n<div class=\"wp-block-group is-layout-constrained wp-block-group-is-layout-constrained\">\n<h4 class=\"wp-block-heading\">Pierwszy trening + 5 nast\u0119pnych<\/h4>\n\n\n\n<p class=\"intro\">Podstawy \u0142ucznictwa i dalsze doskonalenie<\/p>\n\n\n\n<ul class=\"wp-block-list\">\n<li>Indywidualne zaj\u0119cia wprowadzaj\u0105ce do \u0142ucznictwa<\/li>\n\n\n\n<li>Wypracowywanie w\u0142asnej techniki odpowiedniej Ciebie<\/li>\n\n\n\n<li>Utrwalenie poprawnej postawy<\/li>\n<\/ul>\n\n\n\n<p class=\"price\">Cena: 430z\u0142<\/p>\n<\/div>\n<\/div>\n\n\n\n<div class=\"wp-block-column rh-offer is-layout-flow wp-block-column-is-layout-flow\">\n<div class=\"wp-block-group is-layout-constrained wp-block-group-is-layout-constrained\">\n<h4 class=\"wp-block-heading\">Pierwszy trening + 10 nast\u0119pnych<\/h4>\n\n\n\n<p class=\"intro\">Podstawy \u0142ucznictwa i nauka poprzez praktyk\u0119<\/p>\n\n\n\n<ul class=\"wp-block-list\">\n<li>Indywidualne zaj\u0119cia wprowadzaj\u0105ce do \u0142ucznictwa<\/li>\n\n\n\n<li>10 trening\u00f3w pozwalaj\u0105cych na regularn\u0105 praktyk\u0119 pod okiem trener\u00f3w<\/li>\n\n\n\n<li>Doskonalenie postawy <\/li>\n<\/ul>\n\n\n\n<p class=\"price\">Cena: 550z\u0142<\/p>\n<\/div>\n<\/div>\n<\/div>\n<\/div>\n\n\n\n<div class=\"wp-block-group rh-steps rh-section is-layout-constrained wp-block-group-is-layout-constrained\">\n<h3 class=\"wp-block-heading has-text-align-center\">Jak to dzia\u0142a?<\/h3>\n\n\n\n<ol class=\"wp-block-list\">\n<li>Skontaktuj si\u0119 z nami pod adresem ksrobinhoodwaw@gmail.com, napisz kt\u00f3ra oferta Ciebie interesuje oraz dan\u0119 osoby dla kt\u00f3rej ma by\u0107 voucher. Je\u017celi nie znalaz\u0142e\u015b\/a\u015b nic odpowiedniego dla siebie, skontaktuj si\u0119 z nami, wsp\u00f3lnie znajdziemy rozwi\u0105zanie odpowiednie dla Ciebie. W tym momencie powiedz te\u017c, czy potrzebujesz faktur\u0119.<\/li>\n\n\n\n<li>Skontaktujemy si\u0119 z tob\u0105, przeka\u017cemy wszystkie niezb\u0119dne informacje oraz numer do przelewu.<\/li>\n\n\n\n<li>Po dokonaniu p\u0142atno\u015bci ode\u015blij nam potwierdzenie przelewu, pomo\u017ce to nam jak najszybciej wys\u0142a\u0107 Ci imienny voucher. Istnieje mo\u017cliwo\u015b\u0107 odbioru wydrukowanego vouchera w jednej z naszych lokalizacji po wcze\u015bniejszym uzgodnieniu<\/li>\n\n\n\n<li>Przeka\u017c prezent bliskiej Ci osobie, a my zajmiemy si\u0119 reszt\u0105! <\/li>\n<\/ol>\n\n\n\n<p>Pe\u0142ny regulamin oferty znajduje si\u0119 <a href=\"https:\/\/robinhood.waw.pl\/index.php\/regulamin-sklepu\/\" data-type=\"page\" data-id=\"1140\">tutaj<\/a>.<\/p>\n<\/div>\n\n\n\n<div class=\"wp-block-group rh-faq rh-section is-layout-constrained wp-block-group-is-layout-constrained\">\n<h3 class=\"wp-block-heading has-text-align-center\">FAQ<\/h3>\n\n\n\n<details class=\"wp-block-details is-layout-flow wp-block-details-is-layout-flow\"><summary>Jaki jest czas trwania pierwszego treningu?<\/summary>\n<p>Czas trwania pierwszego jak i kolejnych trening\u00f3w wynosi p\u00f3\u0142torej godziny.<\/p>\n<\/details>\n\n\n\n<details class=\"wp-block-details is-layout-flow wp-block-details-is-layout-flow\"><summary>Czy istnieje mo\u017cliwo\u015b\u0107 wymiany vouchera na got\u00f3wk\u0119?<\/summary>\n<p>NIE<\/p>\n<\/details>\n\n\n\n<details class=\"wp-block-details is-layout-flow wp-block-details-is-layout-flow\"><summary>Jaki jest termin wykorzystana vouchera?<\/summary>\n<p>Nasze vouchery s\u0105 bezterminowe; mo\u017cesz by\u0107 pewien \u017ce Tw\u00f3j prezent nie przepadnie!<\/p>\n<\/details>\n\n\n\n<details class=\"wp-block-details is-layout-flow wp-block-details-is-layout-flow\"><summary>Kiedy osoba obdarowana powinna przyj\u015b\u0107 na pierwszy trening?<br><\/summary>\n<p>Nie ma terminu realizacji vouchera; jest on bezterminowy. Jednak osoba kt\u00f3ra planuje po raz pierwszy przyj\u015b\u0107 na trening, powinna si\u0119 z nami wpierw skontaktowa\u0107, by zarezerwowa\u0107 termin.<\/p>\n<\/details>\n\n\n\n<details class=\"wp-block-details is-layout-flow wp-block-details-is-layout-flow\"><summary>Co je\u015bli osoba obdarowana jest niepe\u0142noletnia?<\/summary>\n<p>Nie ma problemu! W naszym klubie trenuje wiele os\u00f3b w wieku nastoletnim. Pami\u0119taj tylko, \u017ce ze wzgl\u0119du na specyfik\u0119 sportu nie przyjmujemy na zaj\u0119cia os\u00f3b m\u0142odszych ni\u017c 12 lat.<\/p>\n<\/details>\n\n\n\n<details class=\"wp-block-details is-layout-flow wp-block-details-is-layout-flow\"><summary>Czy wyposa\u017cenie jest w cenie?<\/summary>\n<p>Voucher oraz nasze treningi zapewniaj\u0105 wszytko co niezb\u0119dne do rozpocz\u0119cia przygody z \u0142ucznictwem. Wliczaj\u0105 si\u0119 w to sprz\u0119t, tarcze oraz wprowadzenie i profesjonalna opieka trenera przez ca\u0142y trening.<\/p>\n<\/details>\n\n\n\n<details class=\"wp-block-details is-layout-flow wp-block-details-is-layout-flow\"><summary>Czy Voucher jest na okaziciela?<\/summary>\n<p>Nie, z Vouchera mo\u017ce skorzysta\u0107 jedynie osoba na nim wymieniona. W szczeg\u00f3lnych przypadkach, skontaktuj si\u0119 z nami celem zmiany imienia osoby obdarowanej<\/p>\n<\/details>\n<\/div>\n\n\n\n<div class=\"wp-block-group alignfull site-footer is-layout-constrained wp-block-group-is-layout-constrained\" id=\"kontakt\">\n<div class=\"wp-block-columns is-layout-flex wp-container-core-columns-is-layout-28f84493 wp-block-columns-is-layout-flex\">\n<div class=\"wp-block-column footer-info is-layout-flow wp-block-column-is-layout-flow\">\n<div class=\"wp-block-columns is-layout-flex wp-container-core-columns-is-layout-28f84493 wp-block-columns-is-layout-flex\">\n<div class=\"wp-block-column is-layout-flow wp-block-column-is-layout-flow\">\n<figure class=\"wp-block-image size-large is-resized\"><img fetchpriority=\"high\" decoding=\"async\" width=\"1024\" height=\"963\" src=\"http:\/\/serwer389502.lh.pl\/autoinstalator\/serwer389502.lh.pl\/wordpress137569\/wp-content\/uploads\/2025\/10\/logo-1-1024x963.png\" alt=\"Oficjalne logo klubu\" class=\"wp-image-26\" style=\"width:122px;height:auto\" srcset=\"https:\/\/robinhood.waw.pl\/wp-content\/uploads\/2025\/10\/logo-1-1024x963.png 1024w, https:\/\/robinhood.waw.pl\/wp-content\/uploads\/2025\/10\/logo-1-600x564.png 600w, https:\/\/robinhood.waw.pl\/wp-content\/uploads\/2025\/10\/logo-1-300x282.png 300w, https:\/\/robinhood.waw.pl\/wp-content\/uploads\/2025\/10\/logo-1-768x722.png 768w, https:\/\/robinhood.waw.pl\/wp-content\/uploads\/2025\/10\/logo-1.png 1086w\" sizes=\"(max-width: 1024px) 100vw, 1024px\" \/><\/figure>\n<\/div>\n\n\n\n<div class=\"wp-block-column is-layout-flow wp-block-column-is-layout-flow\">\n<h4 class=\"wp-block-heading alignfull has-text-align-center\">Klub \u0141uczniczy <mark style=\"background-color:rgba(0, 0, 0, 0);color:#d4af37\" class=\"has-inline-color\">Robin Hood <\/mark><\/h4>\n<\/div>\n<\/div>\n\n\n\n<p class=\"has-text-align-left\">Poznaj sztuk\u0119 \u0142ucznictwa w przyjaznej atmosferze w dogodnej lokalizacji.<\/p>\n<\/div>\n\n\n\n<div class=\"wp-block-column footer-links is-layout-flow wp-block-column-is-layout-flow\">\n<h4 class=\"wp-block-heading has-text-align-center\">Szybkie linki<\/h4>\n\n\n\n<p><a href=\"#oferta_kotwica\" data-type=\"internal\" data-id=\"#oferta_kotwica\">Nasza oferta<\/a><\/p>\n\n\n\n<p><a href=\"#aktualnosci_kotwica\">Og\u0142oszenia<\/a><\/p>\n\n\n\n<p><a href=\"#cennik_kotwica\" data-type=\"internal\" data-id=\"#cennik_kotwica\">Cennik<\/a><\/p>\n\n\n\n<p><a href=\"#lokalizacje_kotwica\" data-type=\"internal\" data-id=\"#lokalizacje_kotwica\">Lokalizacje<\/a><\/p>\n<\/div>\n\n\n\n<div class=\"wp-block-column footer-documents is-layout-flow wp-block-column-is-layout-flow\">\n<h4 class=\"wp-block-heading has-text-align-center\">Dokumenty<\/h4>\n\n\n\n<p><a href=\"http:\/\/serwer389502.lh.pl\/autoinstalator\/serwer389502.lh.pl\/wordpress137569\/wp-content\/uploads\/2025\/10\/regulamin_pl.pdf\" data-type=\"link\" data-id=\"http:\/\/serwer389502.lh.pl\/autoinstalator\/serwer389502.lh.pl\/wordpress137569\/wp-content\/uploads\/2025\/10\/regulamin_pl.pdf\">Regulamin klubu (PL)<\/a><\/p>\n\n\n\n<p><a href=\"http:\/\/serwer389502.lh.pl\/autoinstalator\/serwer389502.lh.pl\/wordpress137569\/wp-content\/uploads\/2025\/10\/regulamin_en.pdf\" data-type=\"link\" data-id=\"http:\/\/serwer389502.lh.pl\/autoinstalator\/serwer389502.lh.pl\/wordpress137569\/wp-content\/uploads\/2025\/10\/regulamin_en.pdf\">Club Rules and Regulations (EN)<\/a><\/p>\n\n\n\n<p><a href=\"http:\/\/serwer389502.lh.pl\/autoinstalator\/serwer389502.lh.pl\/wordpress137569\/wp-content\/uploads\/2025\/10\/Polityka_ochrony_dzieci_w_KLRH.pdf\" data-type=\"link\" data-id=\"http:\/\/serwer389502.lh.pl\/autoinstalator\/serwer389502.lh.pl\/wordpress137569\/wp-content\/uploads\/2025\/10\/Polityka_ochrony_dzieci_w_KLRH.pdf\">Polityka ochrony dzieci<\/a><\/p>\n\n\n\n<p><a href=\"https:\/\/robinhood.waw.pl\/index.php\/regulamin-sklepu\/\">Regulamin sklepu<\/a><\/p>\n\n\n\n<p><a href=\"https:\/\/robinhood.waw.pl\/index.php\/polityka-prywatnosci\/\" data-type=\"link\" data-id=\"https:\/\/robinhood.waw.pl\/index.php\/polityka-prywatnosci\/\">Polityka prywatno\u015bci<\/a><\/p>\n<\/div>\n\n\n\n<div class=\"wp-block-column footer-contact is-layout-flow wp-block-column-is-layout-flow\">\n<h4 class=\"wp-block-heading has-text-align-center\">Kontakt<\/h4>\n\n\n\n<div class=\"wp-block-group is-nowrap is-layout-flex wp-container-core-group-is-layout-6c531013 wp-block-group-is-layout-flex\">\n<div class=\"wp-block-outermost-icon-block\"><div class=\"icon-container\" style=\"width:48px;transform:rotate(0deg) scaleX(1) scaleY(1)\"><svg xmlns=\"http:\/\/www.w3.org\/2000\/svg\" width=\"200\" height=\"200\" viewBox=\"0 0 1024 1024\"><path fill=\"#000000\" d=\"M262.2 37c37.4 51.6 82.002 118.197 133.602 199.598c13 22 11 48.4-5.8 79.4c-6.4 13-22.6 42.6-48.4 89.2c28.4 40 71.6 89.2 129.8 147.2s106.602 101.4 145.2 129.8c46.401-27.2 76.201-43.8 89.201-50.399c16.8-9 33-13.6 48.4-13.6c11.6 0 22 2.6 31 7.8c59.4 36.2 126.601 80.8 201.4 133.6c14.2 10.4 22.2 24.601 24.2 42.601c2 18.2-3.599 37.4-16.399 58.2c-6.4 9-16.8 22.2-31 39.8c-14.201 17.4-35.601 39.4-64.002 65.8s-51.6 39.802-69.8 39.802h-2c-136.6-5.4-305-107.801-504.4-307.201c-199.6-199.6-302-367.8-307.2-504.6c0-18 13.2-41.6 39.8-70.8c26.4-29 48.2-50 64.799-63c16.8-12.8 31-23.2 42.6-31c14.2-10.4 30.4-15.4 48.4-15.4c22.2 0 38.8 7.8 50.6 23.2zm-63.998 40.598c-27.2 19.4-52.603 41.198-76.603 64.998c-23.8 24-37.8 41.6-41.6 53.2c5.2 120.2 101 273.2 287.6 459.2c186.6 186 340 282.2 460 288.6c10.4-3.8 27.4-18 51.4-42.6s45.6-50.399 64.8-77.399c3.8-5.2 5.2-9.6 3.8-13.6c-77.4-54.2-142-97.4-193.8-129.801c-5.2 0-11.6 2-19.4 5.8c-11.6 6.4-40.6 22.6-87.2 48.4l-33 19.4l-33-21.4c-42.6-29.6-94.199-75.6-154.999-137.6c-60.6-60.6-105.8-112.4-135.6-155l-23.2-31l19.4-34.799c25.8-46.4 42-75.6 48.4-87.2c3.8-7.8 5.8-14.2 5.8-19.4c-46-73.401-88.599-138-127.398-193.6h-2c-5 0-9.6 1.4-13.4 3.8z\"><\/path><\/svg><\/div><\/div>\n\n\n\n<p>(<mark style=\"background-color:rgba(0, 0, 0, 0);color:#abb8c3\" class=\"has-inline-color\">+<\/mark>48) 694 171 963<\/p>\n<\/div>\n\n\n\n<div class=\"wp-block-group is-nowrap is-layout-flex wp-container-core-group-is-layout-6c531013 wp-block-group-is-layout-flex\">\n<div class=\"wp-block-outermost-icon-block\"><div class=\"icon-container\" style=\"width:48px;transform:rotate(0deg) scaleX(1) scaleY(1)\"><svg width=\"24\" height=\"24\" viewBox=\"0 0 24 24\" version=\"1.1\" aria-hidden=\"true\"><path d=\"M 12.011719 2 C 6.5057187 2 2.0234844 6.478375 2.0214844 11.984375 C 2.0204844 13.744375 2.4814687 15.462563 3.3554688 16.976562 L 2 22 L 7.2324219 20.763672 C 8.6914219 21.559672 10.333859 21.977516 12.005859 21.978516 L 12.009766 21.978516 C 17.514766 21.978516 21.995047 17.499141 21.998047 11.994141 C 22.000047 9.3251406 20.962172 6.8157344 19.076172 4.9277344 C 17.190172 3.0407344 14.683719 2.001 12.011719 2 z M 12.009766 4 C 14.145766 4.001 16.153109 4.8337969 17.662109 6.3417969 C 19.171109 7.8517969 20.000047 9.8581875 19.998047 11.992188 C 19.996047 16.396187 16.413812 19.978516 12.007812 19.978516 C 10.674812 19.977516 9.3544062 19.642812 8.1914062 19.007812 L 7.5175781 18.640625 L 6.7734375 18.816406 L 4.8046875 19.28125 L 5.2851562 17.496094 L 5.5019531 16.695312 L 5.0878906 15.976562 C 4.3898906 14.768562 4.0204844 13.387375 4.0214844 11.984375 C 4.0234844 7.582375 7.6067656 4 12.009766 4 z M 8.4765625 7.375 C 8.3095625 7.375 8.0395469 7.4375 7.8105469 7.6875 C 7.5815469 7.9365 6.9355469 8.5395781 6.9355469 9.7675781 C 6.9355469 10.995578 7.8300781 12.182609 7.9550781 12.349609 C 8.0790781 12.515609 9.68175 15.115234 12.21875 16.115234 C 14.32675 16.946234 14.754891 16.782234 15.212891 16.740234 C 15.670891 16.699234 16.690438 16.137687 16.898438 15.554688 C 17.106437 14.971687 17.106922 14.470187 17.044922 14.367188 C 16.982922 14.263188 16.816406 14.201172 16.566406 14.076172 C 16.317406 13.951172 15.090328 13.348625 14.861328 13.265625 C 14.632328 13.182625 14.464828 13.140625 14.298828 13.390625 C 14.132828 13.640625 13.655766 14.201187 13.509766 14.367188 C 13.363766 14.534188 13.21875 14.556641 12.96875 14.431641 C 12.71875 14.305641 11.914938 14.041406 10.960938 13.191406 C 10.218937 12.530406 9.7182656 11.714844 9.5722656 11.464844 C 9.4272656 11.215844 9.5585938 11.079078 9.6835938 10.955078 C 9.7955938 10.843078 9.9316406 10.663578 10.056641 10.517578 C 10.180641 10.371578 10.223641 10.267562 10.306641 10.101562 C 10.389641 9.9355625 10.347156 9.7890625 10.285156 9.6640625 C 10.223156 9.5390625 9.737625 8.3065 9.515625 7.8125 C 9.328625 7.3975 9.131125 7.3878594 8.953125 7.3808594 C 8.808125 7.3748594 8.6425625 7.375 8.4765625 7.375 z\"><\/path><\/svg><\/div><\/div>\n\n\n\n<p>(<mark style=\"background-color:rgba(0, 0, 0, 0);color:#abb8c3\" class=\"has-inline-color\">+<\/mark>48) 694 171 963<\/p>\n<\/div>\n\n\n\n<div class=\"wp-block-group is-nowrap is-layout-flex wp-container-core-group-is-layout-6c531013 wp-block-group-is-layout-flex\">\n<div class=\"wp-block-outermost-icon-block\"><div class=\"icon-container\" style=\"width:48px;transform:rotate(0deg) scaleX(1) scaleY(1)\"><svg xmlns=\"http:\/\/www.w3.org\/2000\/svg\" width=\"200\" height=\"200\" viewBox=\"0 0 24 24\" fill=\"#000000\"><g fill=\"none\" stroke=\"#000000\" stroke-linecap=\"round\" stroke-linejoin=\"round\" stroke-width=\"2\"><path d=\"M3 7a2 2 0 0 1 2-2h14a2 2 0 0 1 2 2v10a2 2 0 0 1-2 2H5a2 2 0 0 1-2-2V7z\"><\/path><path d=\"m3 7l9 6l9-6\"><\/path><\/g><\/svg><\/div><\/div>\n\n\n\n<p>ksrobinhoodwaw@gmail.com<\/p>\n<\/div>\n\n\n\n<div class=\"wp-block-group is-nowrap is-layout-flex wp-container-core-group-is-layout-6c531013 wp-block-group-is-layout-flex\">\n<div class=\"wp-block-outermost-icon-block\"><div class=\"icon-container\" style=\"width:48px;transform:rotate(0deg) scaleX(1) scaleY(1)\"><svg xmlns=\"http:\/\/www.w3.org\/2000\/svg\" width=\"200\" height=\"200\" viewBox=\"0 0 21 21\" fill=\"#000000\"><g fill=\"none\" fill-rule=\"evenodd\" stroke=\"#000000\" stroke-linecap=\"round\" stroke-linejoin=\"round\" transform=\"translate(4 2)\"><path d=\"m6.5 16.54l.631-.711c.716-.82 1.36-1.598 1.933-2.338l.473-.624c1.975-2.661 2.963-4.773 2.963-6.334C12.5 3.201 9.814.5 6.5.5s-6 2.701-6 6.033c0 1.561.988 3.673 2.963 6.334l.473.624a54.84 54.84 0 0 0 2.564 3.05z\"><\/path><circle cx=\"6.5\" cy=\"6.5\" r=\"2.5\"><\/circle><\/g><\/svg><\/div><\/div>\n\n\n\n<p>ul. Marynarska 14, Warszawa<\/p>\n<\/div>\n\n\n\n<div class=\"wp-block-group is-nowrap is-layout-flex wp-container-core-group-is-layout-6c531013 wp-block-group-is-layout-flex\">\n<div class=\"wp-block-outermost-icon-block\"><a class=\"icon-container\" href=\"https:\/\/www.facebook.com\/KlubRobinHood\/\" style=\"width:48px;transform:rotate(0deg) scaleX(1) scaleY(1)\"><svg xmlns=\"http:\/\/www.w3.org\/2000\/svg\" viewBox=\"0 0 24 24\" aria-hidden=\"true\"><path d=\"M12 2C6.5 2 2 6.5 2 12c0 5 3.7 9.1 8.4 9.9v-7H7.9V12h2.5V9.8c0-2.5 1.5-3.9 3.8-3.9 1.1 0 2.2.2 2.2.2v2.5h-1.3c-1.2 0-1.6.8-1.6 1.6V12h2.8l-.4 2.9h-2.3v7C18.3 21.1 22 17 22 12c0-5.5-4.5-10-10-10z\"><\/path><\/svg><\/a><\/div>\n\n\n\n<div class=\"wp-block-outermost-icon-block\"><a class=\"icon-container\" href=\"https:\/\/www.instagram.com\/klub.robin.hood\/\" style=\"width:48px;transform:rotate(0deg) scaleX(1) scaleY(1)\"><svg xmlns=\"http:\/\/www.w3.org\/2000\/svg\" viewBox=\"0 0 24 24\" aria-hidden=\"true\"><path d=\"M12,4.622c2.403,0,2.688,0.009,3.637,0.052c0.877,0.04,1.354,0.187,1.671,0.31c0.42,0.163,0.72,0.358,1.035,0.673 c0.315,0.315,0.51,0.615,0.673,1.035c0.123,0.317,0.27,0.794,0.31,1.671c0.043,0.949,0.052,1.234,0.052,3.637 s-0.009,2.688-0.052,3.637c-0.04,0.877-0.187,1.354-0.31,1.671c-0.163,0.42-0.358,0.72-0.673,1.035 c-0.315,0.315-0.615,0.51-1.035,0.673c-0.317,0.123-0.794,0.27-1.671,0.31c-0.949,0.043-1.233,0.052-3.637,0.052 s-2.688-0.009-3.637-0.052c-0.877-0.04-1.354-0.187-1.671-0.31c-0.42-0.163-0.72-0.358-1.035-0.673 c-0.315-0.315-0.51-0.615-0.673-1.035c-0.123-0.317-0.27-0.794-0.31-1.671C4.631,14.688,4.622,14.403,4.622,12 s0.009-2.688,0.052-3.637c0.04-0.877,0.187-1.354,0.31-1.671c0.163-0.42,0.358-0.72,0.673-1.035 c0.315-0.315,0.615-0.51,1.035-0.673c0.317-0.123,0.794-0.27,1.671-0.31C9.312,4.631,9.597,4.622,12,4.622 M12,3 C9.556,3,9.249,3.01,8.289,3.054C7.331,3.098,6.677,3.25,6.105,3.472C5.513,3.702,5.011,4.01,4.511,4.511 c-0.5,0.5-0.808,1.002-1.038,1.594C3.25,6.677,3.098,7.331,3.054,8.289C3.01,9.249,3,9.556,3,12c0,2.444,0.01,2.751,0.054,3.711 c0.044,0.958,0.196,1.612,0.418,2.185c0.23,0.592,0.538,1.094,1.038,1.594c0.5,0.5,1.002,0.808,1.594,1.038 c0.572,0.222,1.227,0.375,2.185,0.418C9.249,20.99,9.556,21,12,21s2.751-0.01,3.711-0.054c0.958-0.044,1.612-0.196,2.185-0.418 c0.592-0.23,1.094-0.538,1.594-1.038c0.5-0.5,0.808-1.002,1.038-1.594c0.222-0.572,0.375-1.227,0.418-2.185 C20.99,14.751,21,14.444,21,12s-0.01-2.751-0.054-3.711c-0.044-0.958-0.196-1.612-0.418-2.185c-0.23-0.592-0.538-1.094-1.038-1.594 c-0.5-0.5-1.002-0.808-1.594-1.038c-0.572-0.222-1.227-0.375-2.185-0.418C14.751,3.01,14.444,3,12,3L12,3z M12,7.378 c-2.552,0-4.622,2.069-4.622,4.622S9.448,16.622,12,16.622s4.622-2.069,4.622-4.622S14.552,7.378,12,7.378z M12,15 c-1.657,0-3-1.343-3-3s1.343-3,3-3s3,1.343,3,3S13.657,15,12,15z M16.804,6.116c-0.596,0-1.08,0.484-1.08,1.08 s0.484,1.08,1.08,1.08c0.596,0,1.08-0.484,1.08-1.08S17.401,6.116,16.804,6.116z\"><\/path><\/svg><\/a><\/div>\n<\/div>\n<\/div>\n<\/div>\n<\/div>\n\n\n\n<p><\/p>\n","protected":false},"excerpt":{"rendered":"<p>Voucher prezentowy Podaruj trening \u0142uczniczy najbli\u017cszej osobie. Elastyczne opcje, szybkie zam\u00f3wienie online Znasz kogo\u015b kto pasjonuje si\u0119 \u0142ucznictwem, chce si\u0119 poczu\u0107 jak Robin Hood lub lubi odkrywa\u0107 nowe aktywno\u015bci? Spraw mu jako prezent voucher na nasze zaj\u0119cia i pom\u00f3\u017c odkry\u0107 nowe pasje! Oferty Pierwszy trening wprowadzaj\u0105cy Pierwsze spotkanie z \u0142ukiem i bezpieczn\u0105 technik\u0105. Cena: 150z\u0142 [&hellip;]<\/p>\n","protected":false},"author":1,"featured_media":0,"parent":0,"menu_order":0,"comment_status":"closed","ping_status":"closed","template":"","meta":{"footnotes":""},"class_list":["post-1152","page","type-page","status-publish","hentry"],"blocksy_meta":[],"jetpack_sharing_enabled":true,"_links":{"self":[{"href":"https:\/\/robinhood.waw.pl\/index.php\/wp-json\/wp\/v2\/pages\/1152","targetHints":{"allow":["GET"]}}],"collection":[{"href":"https:\/\/robinhood.waw.pl\/index.php\/wp-json\/wp\/v2\/pages"}],"about":[{"href":"https:\/\/robinhood.waw.pl\/index.php\/wp-json\/wp\/v2\/types\/page"}],"author":[{"embeddable":true,"href":"https:\/\/robinhood.waw.pl\/index.php\/wp-json\/wp\/v2\/users\/1"}],"replies":[{"embeddable":true,"href":"https:\/\/robinhood.waw.pl\/index.php\/wp-json\/wp\/v2\/comments?post=1152"}],"version-history":[{"count":16,"href":"https:\/\/robinhood.waw.pl\/index.php\/wp-json\/wp\/v2\/pages\/1152\/revisions"}],"predecessor-version":[{"id":1256,"href":"https:\/\/robinhood.waw.pl\/index.php\/wp-json\/wp\/v2\/pages\/1152\/revisions\/1256"}],"wp:attachment":[{"href":"https:\/\/robinhood.waw.pl\/index.php\/wp-json\/wp\/v2\/media?parent=1152"}],"curies":[{"name":"wp","href":"https:\/\/api.w.org\/{rel}","templated":true}]}}