{"id":1013,"date":"2025-11-06T19:10:00","date_gmt":"2025-11-06T18:10:00","guid":{"rendered":"https:\/\/robinhood.waw.pl\/?page_id=1013"},"modified":"2025-12-15T19:55:24","modified_gmt":"2025-12-15T18:55:24","slug":"wielka-nagroda-rh-wyniki","status":"publish","type":"page","link":"https:\/\/robinhood.waw.pl\/index.php\/wielka-nagroda-rh-wyniki\/","title":{"rendered":"Wielka Nagroda RH wyniki"},"content":{"rendered":"\n<h2 class=\"wp-block-heading has-text-align-center\">Wyniki zawod\u00f3w o Wielk\u0105 Nagrod\u0119 Robin Hooda<\/h2>\n\n\n\n<!-- STEROWANIE \u2013 widoczne nad tabel\u0105 -->\n<div class=\"rh-controls\" aria-label=\"Filtry wynik\u00f3w\">\n  <label>Rok:\n    <select id=\"rh-year\"><\/select>\n  <\/label>\n  <label>Styl:\n    <select id=\"rh-style\"><\/select>\n  <\/label>\n<\/div>\n\n<style>\n  .rh-controls{display:flex;gap:1rem;align-items:center;margin:0 0 1rem}\n  .rh-controls select{padding:.35rem .5rem}\n<\/style>\n\n<script>\n(function(){\n  \/\/ Mapa MUSI odpowiada\u0107 tej z PHP (shortcode rh_table_switch)\n  const MAP = {\n    \"2020-2022\": { \"sportowy\": 1 },\n    \"2022\":      { \"sportowy\": 2, \"tradycyjny\": 5 },\n    \"2023-2024\": { \"sportowy\": 3, \"tradycyjny\": 6 },\n    \"2024-2025\": { \"sportowy\": 4, \"tradycyjny\": 7 },\n    \"2025-2026\": { \"sportowy\": 8, \"barebow\": 9, \"tradycyjny\": 10}\n  };\n\n  const selY = document.getElementById('rh-year');\n  const selS = document.getElementById('rh-style');\n\n  function yearKey(y){\n    const m = String(y).match(\/(\\d{4})(?:\\D+(\\d{4}))?$\/);\n    return m ? +(m[2]||m[1]) : -1;\n  }\n\n  \/\/ uzupe\u0142nij listy z MAP\n  const years = Object.keys(MAP).sort((a,b)=>yearKey(b)-yearKey(a));\n  selY.innerHTML = years.map(y=>`<option value=\"${y}\">${y}<\/option>`).join('');\n\n  function fillStyles(year){\n    const styles = Object.keys(MAP[year]||{});\n    selS.innerHTML = styles.map(s=>`<option value=\"${s}\">${s}<\/option>`).join('');\n  }\n\n  \/\/ odczytaj bie\u017c\u0105ce parametry z URL\n  const p = new URLSearchParams(location.search);\n  const y0 = p.get('rok');\n  const s0 = p.get('styl');\n\n  selY.value = (y0 && years.includes(y0)) ? y0 : years[0];\n  fillStyles(selY.value);\n\n  const stylesNow = Object.keys(MAP[selY.value]||{});\n  selS.value = (s0 && stylesNow.includes(s0)) ? s0 : stylesNow[0];\n\n  function navigate(){\n    const sp = new URLSearchParams(location.search);\n    sp.set('rok', selY.value);\n    sp.set('styl', selS.value);\n    \/\/ prze\u0142adowanie \u2013 shortcode po stronie serwera wyrenderuje w\u0142a\u015bciw\u0105 tabel\u0119\n    location.search = '?' + sp.toString();\n  }\n  selY.addEventListener('change', ()=>{ fillStyles(selY.value); navigate(); });\n  selS.addEventListener('change', navigate);\n})();\n<\/script>\n\n\n\n<table id=\"tablepress-8\" class=\"tablepress tablepress-id-8\">\n<thead>\n<tr class=\"row-1\">\n\t<th class=\"column-1\">Miejsce<\/th><th class=\"column-2\">Imi\u0119 i nazwisko<\/th><th class=\"column-3\">Suma punkt\u00f3w pucharowych<\/th><th class=\"column-4\">I Runda kwalifikacje<br \/>\n<\/th><th class=\"column-5\">I Runda (13.12.2025) 2x 18<\/th><th class=\"column-6\">I Runda punkty pucharowe<\/th><th class=\"column-7\">II Runda kwalifikacje<\/th><th class=\"column-8\">II Runda (21.02.2025) 2x18<\/th><th class=\"column-9\">II Runda punkty pucharowe<\/th><th class=\"column-10\">III Runda kwalifikacje<\/th><th class=\"column-11\">III Runda (13.04.2026)<\/th><th class=\"column-12\">III Runda punkty pucharowe<\/th>\n<\/tr>\n<\/thead>\n<tbody class=\"row-striping row-hover\">\n<tr class=\"row-2\">\n\t<td class=\"column-1\">1<\/td><td class=\"column-2\">Szymon Fr\u0105tczak<\/td><td class=\"column-3\">122<\/td><td class=\"column-4\">519<\/td><td class=\"column-5\">506<\/td><td class=\"column-6\">50<\/td><td class=\"column-7\">522<\/td><td class=\"column-8\">546<\/td><td class=\"column-9\">50<\/td><td class=\"column-10\">508<\/td><td class=\"column-11\">542<\/td><td class=\"column-12\">22<\/td>\n<\/tr>\n<tr class=\"row-3\">\n\t<td class=\"column-1\">2<\/td><td class=\"column-2\">Dominik Wawrzyniak <\/td><td class=\"column-3\">112<\/td><td class=\"column-4\">517<\/td><td class=\"column-5\">485<\/td><td class=\"column-6\">22<\/td><td class=\"column-7\">526<\/td><td class=\"column-8\">533<\/td><td class=\"column-9\">40<\/td><td class=\"column-10\">530<\/td><td class=\"column-11\">526<\/td><td class=\"column-12\">50<\/td>\n<\/tr>\n<tr class=\"row-4\">\n\t<td class=\"column-1\">3<\/td><td class=\"column-2\">Jaros\u0142aw Multan<\/td><td class=\"column-3\">78<\/td><td class=\"column-4\">510<\/td><td class=\"column-5\">475<\/td><td class=\"column-6\">40<\/td><td class=\"column-7\">513<\/td><td class=\"column-8\">496<\/td><td class=\"column-9\">18<\/td><td class=\"column-10\">515<\/td><td class=\"column-11\">495<\/td><td class=\"column-12\">20<\/td>\n<\/tr>\n<tr class=\"row-5\">\n\t<td class=\"column-1\">4<\/td><td class=\"column-2\">Arkadiusz \u015aled\u017a<\/td><td class=\"column-3\">75<\/td><td class=\"column-4\">449<\/td><td class=\"column-5\">0<\/td><td class=\"column-6\">15<\/td><td class=\"column-7\">521<\/td><td class=\"column-8\">499<\/td><td class=\"column-9\">20<\/td><td class=\"column-10\">531<\/td><td class=\"column-11\">544<\/td><td class=\"column-12\">40<\/td>\n<\/tr>\n<tr class=\"row-6\">\n\t<td class=\"column-1\">5<\/td><td class=\"column-2\">Pawe\u0142 Gajda<\/td><td class=\"column-3\">59<\/td><td class=\"column-4\">452<\/td><td class=\"column-5\">448<\/td><td class=\"column-6\">26<\/td><td class=\"column-7\">471<\/td><td class=\"column-8\">0<\/td><td class=\"column-9\">15<\/td><td class=\"column-10\">483<\/td><td class=\"column-11\">472<\/td><td class=\"column-12\">18<\/td>\n<\/tr>\n<tr class=\"row-7\">\n\t<td class=\"column-1\">6<\/td><td class=\"column-2\">Wiktor \u017barnowiecki<\/td><td class=\"column-3\">54<\/td><td class=\"column-4\">512<\/td><td class=\"column-5\">449<\/td><td class=\"column-6\">20<\/td><td class=\"column-7\">496<\/td><td class=\"column-8\">471<\/td><td class=\"column-9\">17<\/td><td class=\"column-10\">499<\/td><td class=\"column-11\">444<\/td><td class=\"column-12\">17<\/td>\n<\/tr>\n<tr class=\"row-8\">\n\t<td class=\"column-1\">7<\/td><td class=\"column-2\">Maciej Zadoro\u017cny<\/td><td class=\"column-3\">54<\/td><td class=\"column-4\">0<\/td><td class=\"column-5\">0<\/td><td class=\"column-6\">0<\/td><td class=\"column-7\">546<\/td><td class=\"column-8\">542<\/td><td class=\"column-9\">22<\/td><td class=\"column-10\">533<\/td><td class=\"column-11\">546<\/td><td class=\"column-12\">32<\/td>\n<\/tr>\n<tr class=\"row-9\">\n\t<td class=\"column-1\">8<\/td><td class=\"column-2\">\u0141ucja Chudzik<\/td><td class=\"column-3\">52<\/td><td class=\"column-4\">0<\/td><td class=\"column-5\">0<\/td><td class=\"column-6\">0<\/td><td class=\"column-7\">495<\/td><td class=\"column-8\">496<\/td><td class=\"column-9\">26<\/td><td class=\"column-10\">497<\/td><td class=\"column-11\">494<\/td><td class=\"column-12\">26<\/td>\n<\/tr>\n<tr class=\"row-10\">\n\t<td class=\"column-1\">9<\/td><td class=\"column-2\">Jakub G\u0142uch<\/td><td class=\"column-3\">46<\/td><td class=\"column-4\">483<\/td><td class=\"column-5\">465<\/td><td class=\"column-6\">32<\/td><td class=\"column-7\">0<\/td><td class=\"column-8\">0<\/td><td class=\"column-9\">0<\/td><td class=\"column-10\">477<\/td><td class=\"column-11\">0<\/td><td class=\"column-12\">14<\/td>\n<\/tr>\n<tr class=\"row-11\">\n\t<td class=\"column-1\">10<\/td><td class=\"column-2\">Kevin Barile<\/td><td class=\"column-3\">35<\/td><td class=\"column-4\">0<\/td><td class=\"column-5\">0<\/td><td class=\"column-6\">0<\/td><td class=\"column-7\">507<\/td><td class=\"column-8\">498<\/td><td class=\"column-9\">19<\/td><td class=\"column-10\">518<\/td><td class=\"column-11\">0<\/td><td class=\"column-12\">16<\/td>\n<\/tr>\n<tr class=\"row-12\">\n\t<td class=\"column-1\">11<\/td><td class=\"column-2\">Jan Piotrowicz<\/td><td class=\"column-3\">34<\/td><td class=\"column-4\">389<\/td><td class=\"column-5\">0<\/td><td class=\"column-6\">13<\/td><td class=\"column-7\">395<\/td><td class=\"column-8\">0<\/td><td class=\"column-9\">11<\/td><td class=\"column-10\">404<\/td><td class=\"column-11\">0<\/td><td class=\"column-12\">10<\/td>\n<\/tr>\n<tr class=\"row-13\">\n\t<td class=\"column-1\">12<\/td><td class=\"column-2\">Lena Tkachuk<\/td><td class=\"column-3\">33<\/td><td class=\"column-4\">0<\/td><td class=\"column-5\">0<\/td><td class=\"column-6\">0<\/td><td class=\"column-7\">457<\/td><td class=\"column-8\">0<\/td><td class=\"column-9\">14<\/td><td class=\"column-10\">518<\/td><td class=\"column-11\">450<\/td><td class=\"column-12\">19<\/td>\n<\/tr>\n<tr class=\"row-14\">\n\t<td class=\"column-1\">13<\/td><td class=\"column-2\">Ewelina Swidunowicz<\/td><td class=\"column-3\">32<\/td><td class=\"column-4\">478<\/td><td class=\"column-5\">0<\/td><td class=\"column-6\">17<\/td><td class=\"column-7\">0<\/td><td class=\"column-8\">0<\/td><td class=\"column-9\">0<\/td><td class=\"column-10\">481<\/td><td class=\"column-11\">0<\/td><td class=\"column-12\">15<\/td>\n<\/tr>\n<tr class=\"row-15\">\n\t<td class=\"column-1\">14<\/td><td class=\"column-2\">Cezary K\u0142osiewicz<\/td><td class=\"column-3\">32<\/td><td class=\"column-4\">0<\/td><td class=\"column-5\">0<\/td><td class=\"column-6\">0<\/td><td class=\"column-7\">516<\/td><td class=\"column-8\">517<\/td><td class=\"column-9\">32<\/td><td class=\"column-10\">0<\/td><td class=\"column-11\">0<\/td><td class=\"column-12\">0<\/td>\n<\/tr>\n<tr class=\"row-16\">\n\t<td class=\"column-1\">15<\/td><td class=\"column-2\">Ania Furmaniak<\/td><td class=\"column-3\">26<\/td><td class=\"column-4\">428<\/td><td class=\"column-5\">0<\/td><td class=\"column-6\">14<\/td><td class=\"column-7\">412<\/td><td class=\"column-8\">0<\/td><td class=\"column-9\">12<\/td><td class=\"column-10\">0<\/td><td class=\"column-11\">0<\/td><td class=\"column-12\">0<\/td>\n<\/tr>\n<tr class=\"row-17\">\n\t<td class=\"column-1\">16<\/td><td class=\"column-2\">Nicole Hasselman<\/td><td class=\"column-3\">24<\/td><td class=\"column-4\">0<\/td><td class=\"column-5\">0<\/td><td class=\"column-6\">0<\/td><td class=\"column-7\">446<\/td><td class=\"column-8\">0<\/td><td class=\"column-9\">13<\/td><td class=\"column-10\">409<\/td><td class=\"column-11\">0<\/td><td class=\"column-12\">11<\/td>\n<\/tr>\n<tr class=\"row-18\">\n\t<td class=\"column-1\">17<\/td><td class=\"column-2\">Sebastian Domeradzki<\/td><td class=\"column-3\">22<\/td><td class=\"column-4\">0<\/td><td class=\"column-5\">0<\/td><td class=\"column-6\">0<\/td><td class=\"column-7\">388<\/td><td class=\"column-8\">0<\/td><td class=\"column-9\">10<\/td><td class=\"column-10\">411<\/td><td class=\"column-11\">0<\/td><td class=\"column-12\">12<\/td>\n<\/tr>\n<tr class=\"row-19\">\n\t<td class=\"column-1\">18<\/td><td class=\"column-2\">Damian Kapica<\/td><td class=\"column-3\">20<\/td><td class=\"column-4\">350<\/td><td class=\"column-5\">0<\/td><td class=\"column-6\">11<\/td><td class=\"column-7\">0<\/td><td class=\"column-8\">0<\/td><td class=\"column-9\">0<\/td><td class=\"column-10\">350<\/td><td class=\"column-11\">0<\/td><td class=\"column-12\">9<\/td>\n<\/tr>\n<tr class=\"row-20\">\n\t<td class=\"column-1\">19<\/td><td class=\"column-2\">Paul Legrand<\/td><td class=\"column-3\">19<\/td><td class=\"column-4\">470<\/td><td class=\"column-5\">452<\/td><td class=\"column-6\">19<\/td><td class=\"column-7\">0<\/td><td class=\"column-8\">0<\/td><td class=\"column-9\">0<\/td><td class=\"column-10\">0<\/td><td class=\"column-11\">0<\/td><td class=\"column-12\">0<\/td>\n<\/tr>\n<tr class=\"row-21\">\n\t<td class=\"column-1\">20<\/td><td class=\"column-2\">Lena Sikorska<\/td><td class=\"column-3\">18<\/td><td class=\"column-4\">501<\/td><td class=\"column-5\">0<\/td><td class=\"column-6\">18<\/td><td class=\"column-7\">0<\/td><td class=\"column-8\">0<\/td><td class=\"column-9\">0<\/td><td class=\"column-10\">0<\/td><td class=\"column-11\">0<\/td><td class=\"column-12\">0<\/td>\n<\/tr>\n<tr class=\"row-22\">\n\t<td class=\"column-1\">21<\/td><td class=\"column-2\">Maryia Babich<\/td><td class=\"column-3\">16<\/td><td class=\"column-4\">456<\/td><td class=\"column-5\">0<\/td><td class=\"column-6\">16<\/td><td class=\"column-7\">0<\/td><td class=\"column-8\">0<\/td><td class=\"column-9\">0<\/td><td class=\"column-10\">0<\/td><td class=\"column-11\">0<\/td><td class=\"column-12\">0<\/td>\n<\/tr>\n<tr class=\"row-23\">\n\t<td class=\"column-1\">22<\/td><td class=\"column-2\">Paulina Zygmunt<\/td><td class=\"column-3\">16<\/td><td class=\"column-4\">0<\/td><td class=\"column-5\">0<\/td><td class=\"column-6\">0<\/td><td class=\"column-7\">494<\/td><td class=\"column-8\">0<\/td><td class=\"column-9\">16<\/td><td class=\"column-10\">0<\/td><td class=\"column-11\">0<\/td><td class=\"column-12\">0<\/td>\n<\/tr>\n<tr class=\"row-24\">\n\t<td class=\"column-1\">23<\/td><td class=\"column-2\">Mateusz Sulej<\/td><td class=\"column-3\">13<\/td><td class=\"column-4\">0<\/td><td class=\"column-5\">0<\/td><td class=\"column-6\">0<\/td><td class=\"column-7\">0<\/td><td class=\"column-8\">0<\/td><td class=\"column-9\">0<\/td><td class=\"column-10\">456<\/td><td class=\"column-11\">0<\/td><td class=\"column-12\">13<\/td>\n<\/tr>\n<tr class=\"row-25\">\n\t<td class=\"column-1\">24<\/td><td class=\"column-2\">Mateusz Cie\u015bla<\/td><td class=\"column-3\">12<\/td><td class=\"column-4\">353<\/td><td class=\"column-5\">0<\/td><td class=\"column-6\">12<\/td><td class=\"column-7\">0<\/td><td class=\"column-8\">0<\/td><td class=\"column-9\">0<\/td><td class=\"column-10\">0<\/td><td class=\"column-11\">0<\/td><td class=\"column-12\">0<\/td>\n<\/tr>\n<\/tbody>\n<\/table>\n<!-- #tablepress-8 from cache -->\n\n\n\n<div class=\"wp-block-group alignfull site-footer is-layout-constrained wp-block-group-is-layout-constrained\" id=\"kontakt\">\n<div class=\"wp-block-columns is-layout-flex wp-container-core-columns-is-layout-28f84493 wp-block-columns-is-layout-flex\">\n<div class=\"wp-block-column footer-info is-layout-flow wp-block-column-is-layout-flow\">\n<div class=\"wp-block-columns is-layout-flex wp-container-core-columns-is-layout-28f84493 wp-block-columns-is-layout-flex\">\n<div class=\"wp-block-column is-layout-flow wp-block-column-is-layout-flow\">\n<figure class=\"wp-block-image size-large is-resized\"><img fetchpriority=\"high\" decoding=\"async\" width=\"1024\" height=\"963\" src=\"http:\/\/serwer389502.lh.pl\/autoinstalator\/serwer389502.lh.pl\/wordpress137569\/wp-content\/uploads\/2025\/10\/logo-1-1024x963.png\" alt=\"Oficjalne logo klubu\" class=\"wp-image-26\" style=\"width:122px;height:auto\" srcset=\"https:\/\/robinhood.waw.pl\/wp-content\/uploads\/2025\/10\/logo-1-1024x963.png 1024w, https:\/\/robinhood.waw.pl\/wp-content\/uploads\/2025\/10\/logo-1-600x564.png 600w, https:\/\/robinhood.waw.pl\/wp-content\/uploads\/2025\/10\/logo-1-300x282.png 300w, https:\/\/robinhood.waw.pl\/wp-content\/uploads\/2025\/10\/logo-1-768x722.png 768w, https:\/\/robinhood.waw.pl\/wp-content\/uploads\/2025\/10\/logo-1.png 1086w\" sizes=\"(max-width: 1024px) 100vw, 1024px\" \/><\/figure>\n<\/div>\n\n\n\n<div class=\"wp-block-column is-layout-flow wp-block-column-is-layout-flow\">\n<h4 class=\"wp-block-heading alignfull has-text-align-center\">Klub \u0141uczniczy <mark style=\"background-color:rgba(0, 0, 0, 0);color:#d4af37\" class=\"has-inline-color\">Robin Hood <\/mark><\/h4>\n<\/div>\n<\/div>\n\n\n\n<p class=\"has-text-align-left\">Poznaj sztuk\u0119 \u0142ucznictwa w przyjaznej atmosferze w dogodnej lokalizacji.<\/p>\n<\/div>\n\n\n\n<div class=\"wp-block-column footer-links is-layout-flow wp-block-column-is-layout-flow\">\n<h4 class=\"wp-block-heading has-text-align-center\">Szybkie linki<\/h4>\n\n\n\n<p><a href=\"#oferta_kotwica\" data-type=\"internal\" data-id=\"#oferta_kotwica\">Nasza oferta<\/a><\/p>\n\n\n\n<p><a href=\"#aktualnosci_kotwica\">Og\u0142oszenia<\/a><\/p>\n\n\n\n<p><a href=\"#cennik_kotwica\" data-type=\"internal\" data-id=\"#cennik_kotwica\">Cennik<\/a><\/p>\n\n\n\n<p><a href=\"#lokalizacje_kotwica\" data-type=\"internal\" data-id=\"#lokalizacje_kotwica\">Lokalizacje<\/a><\/p>\n<\/div>\n\n\n\n<div class=\"wp-block-column footer-documents is-layout-flow wp-block-column-is-layout-flow\">\n<h4 class=\"wp-block-heading has-text-align-center\">Dokumenty<\/h4>\n\n\n\n<p><a href=\"http:\/\/serwer389502.lh.pl\/autoinstalator\/serwer389502.lh.pl\/wordpress137569\/wp-content\/uploads\/2025\/10\/regulamin_pl.pdf\" data-type=\"link\" data-id=\"http:\/\/serwer389502.lh.pl\/autoinstalator\/serwer389502.lh.pl\/wordpress137569\/wp-content\/uploads\/2025\/10\/regulamin_pl.pdf\">Regulamin klubu (PL)<\/a><\/p>\n\n\n\n<p><a href=\"http:\/\/serwer389502.lh.pl\/autoinstalator\/serwer389502.lh.pl\/wordpress137569\/wp-content\/uploads\/2025\/10\/regulamin_en.pdf\" data-type=\"link\" data-id=\"http:\/\/serwer389502.lh.pl\/autoinstalator\/serwer389502.lh.pl\/wordpress137569\/wp-content\/uploads\/2025\/10\/regulamin_en.pdf\">Club Rules and Regulations (EN)<\/a><\/p>\n\n\n\n<p><a href=\"http:\/\/serwer389502.lh.pl\/autoinstalator\/serwer389502.lh.pl\/wordpress137569\/wp-content\/uploads\/2025\/10\/Polityka_ochrony_dzieci_w_KLRH.pdf\" data-type=\"link\" data-id=\"http:\/\/serwer389502.lh.pl\/autoinstalator\/serwer389502.lh.pl\/wordpress137569\/wp-content\/uploads\/2025\/10\/Polityka_ochrony_dzieci_w_KLRH.pdf\">Polityka ochrony dzieci<\/a><\/p>\n\n\n\n<p><a href=\"https:\/\/robinhood.waw.pl\/index.php\/regulamin-sklepu\/\">Regulamin sklepu<\/a><\/p>\n\n\n\n<p><a href=\"https:\/\/robinhood.waw.pl\/index.php\/polityka-prywatnosci\/\" data-type=\"link\" data-id=\"https:\/\/robinhood.waw.pl\/index.php\/polityka-prywatnosci\/\">Polityka prywatno\u015bci<\/a><\/p>\n<\/div>\n\n\n\n<div class=\"wp-block-column footer-contact is-layout-flow wp-block-column-is-layout-flow\">\n<h4 class=\"wp-block-heading has-text-align-center\">Kontakt<\/h4>\n\n\n\n<div class=\"wp-block-group is-nowrap is-layout-flex wp-container-core-group-is-layout-6c531013 wp-block-group-is-layout-flex\">\n<div class=\"wp-block-outermost-icon-block\"><div class=\"icon-container\" style=\"width:48px;transform:rotate(0deg) scaleX(1) scaleY(1)\"><svg xmlns=\"http:\/\/www.w3.org\/2000\/svg\" width=\"200\" height=\"200\" viewBox=\"0 0 1024 1024\"><path fill=\"#000000\" d=\"M262.2 37c37.4 51.6 82.002 118.197 133.602 199.598c13 22 11 48.4-5.8 79.4c-6.4 13-22.6 42.6-48.4 89.2c28.4 40 71.6 89.2 129.8 147.2s106.602 101.4 145.2 129.8c46.401-27.2 76.201-43.8 89.201-50.399c16.8-9 33-13.6 48.4-13.6c11.6 0 22 2.6 31 7.8c59.4 36.2 126.601 80.8 201.4 133.6c14.2 10.4 22.2 24.601 24.2 42.601c2 18.2-3.599 37.4-16.399 58.2c-6.4 9-16.8 22.2-31 39.8c-14.201 17.4-35.601 39.4-64.002 65.8s-51.6 39.802-69.8 39.802h-2c-136.6-5.4-305-107.801-504.4-307.201c-199.6-199.6-302-367.8-307.2-504.6c0-18 13.2-41.6 39.8-70.8c26.4-29 48.2-50 64.799-63c16.8-12.8 31-23.2 42.6-31c14.2-10.4 30.4-15.4 48.4-15.4c22.2 0 38.8 7.8 50.6 23.2zm-63.998 40.598c-27.2 19.4-52.603 41.198-76.603 64.998c-23.8 24-37.8 41.6-41.6 53.2c5.2 120.2 101 273.2 287.6 459.2c186.6 186 340 282.2 460 288.6c10.4-3.8 27.4-18 51.4-42.6s45.6-50.399 64.8-77.399c3.8-5.2 5.2-9.6 3.8-13.6c-77.4-54.2-142-97.4-193.8-129.801c-5.2 0-11.6 2-19.4 5.8c-11.6 6.4-40.6 22.6-87.2 48.4l-33 19.4l-33-21.4c-42.6-29.6-94.199-75.6-154.999-137.6c-60.6-60.6-105.8-112.4-135.6-155l-23.2-31l19.4-34.799c25.8-46.4 42-75.6 48.4-87.2c3.8-7.8 5.8-14.2 5.8-19.4c-46-73.401-88.599-138-127.398-193.6h-2c-5 0-9.6 1.4-13.4 3.8z\"><\/path><\/svg><\/div><\/div>\n\n\n\n<p>(<mark style=\"background-color:rgba(0, 0, 0, 0);color:#abb8c3\" class=\"has-inline-color\">+<\/mark>48) 694 171 963<\/p>\n<\/div>\n\n\n\n<div class=\"wp-block-group is-nowrap is-layout-flex wp-container-core-group-is-layout-6c531013 wp-block-group-is-layout-flex\">\n<div class=\"wp-block-outermost-icon-block\"><div class=\"icon-container\" style=\"width:48px;transform:rotate(0deg) scaleX(1) scaleY(1)\"><svg xmlns=\"http:\/\/www.w3.org\/2000\/svg\" width=\"200\" height=\"200\" viewBox=\"0 0 24 24\" fill=\"#000000\"><g fill=\"none\" stroke=\"#000000\" stroke-linecap=\"round\" stroke-linejoin=\"round\" stroke-width=\"2\"><path d=\"M3 7a2 2 0 0 1 2-2h14a2 2 0 0 1 2 2v10a2 2 0 0 1-2 2H5a2 2 0 0 1-2-2V7z\"><\/path><path d=\"m3 7l9 6l9-6\"><\/path><\/g><\/svg><\/div><\/div>\n\n\n\n<p>ksrobinhoodwaw@gmail.com<\/p>\n<\/div>\n\n\n\n<div class=\"wp-block-group is-nowrap is-layout-flex wp-container-core-group-is-layout-6c531013 wp-block-group-is-layout-flex\">\n<div class=\"wp-block-outermost-icon-block\"><div class=\"icon-container\" style=\"width:48px;transform:rotate(0deg) scaleX(1) scaleY(1)\"><svg xmlns=\"http:\/\/www.w3.org\/2000\/svg\" width=\"200\" height=\"200\" viewBox=\"0 0 21 21\" fill=\"#000000\"><g fill=\"none\" fill-rule=\"evenodd\" stroke=\"#000000\" stroke-linecap=\"round\" stroke-linejoin=\"round\" transform=\"translate(4 2)\"><path d=\"m6.5 16.54l.631-.711c.716-.82 1.36-1.598 1.933-2.338l.473-.624c1.975-2.661 2.963-4.773 2.963-6.334C12.5 3.201 9.814.5 6.5.5s-6 2.701-6 6.033c0 1.561.988 3.673 2.963 6.334l.473.624a54.84 54.84 0 0 0 2.564 3.05z\"><\/path><circle cx=\"6.5\" cy=\"6.5\" r=\"2.5\"><\/circle><\/g><\/svg><\/div><\/div>\n\n\n\n<p>ul. Marynarska 14, Warszawa<\/p>\n<\/div>\n\n\n\n<div class=\"wp-block-group is-nowrap is-layout-flex wp-container-core-group-is-layout-6c531013 wp-block-group-is-layout-flex\">\n<div class=\"wp-block-outermost-icon-block\"><a class=\"icon-container\" href=\"https:\/\/www.facebook.com\/KlubRobinHood\/\" style=\"width:48px;transform:rotate(0deg) scaleX(1) scaleY(1)\"><svg xmlns=\"http:\/\/www.w3.org\/2000\/svg\" viewBox=\"0 0 24 24\" aria-hidden=\"true\"><path d=\"M12 2C6.5 2 2 6.5 2 12c0 5 3.7 9.1 8.4 9.9v-7H7.9V12h2.5V9.8c0-2.5 1.5-3.9 3.8-3.9 1.1 0 2.2.2 2.2.2v2.5h-1.3c-1.2 0-1.6.8-1.6 1.6V12h2.8l-.4 2.9h-2.3v7C18.3 21.1 22 17 22 12c0-5.5-4.5-10-10-10z\"><\/path><\/svg><\/a><\/div>\n\n\n\n<div class=\"wp-block-outermost-icon-block\"><a class=\"icon-container\" href=\"https:\/\/www.instagram.com\/klub.robin.hood\/\" style=\"width:48px;transform:rotate(0deg) scaleX(1) scaleY(1)\"><svg xmlns=\"http:\/\/www.w3.org\/2000\/svg\" viewBox=\"0 0 24 24\" aria-hidden=\"true\"><path d=\"M12,4.622c2.403,0,2.688,0.009,3.637,0.052c0.877,0.04,1.354,0.187,1.671,0.31c0.42,0.163,0.72,0.358,1.035,0.673 c0.315,0.315,0.51,0.615,0.673,1.035c0.123,0.317,0.27,0.794,0.31,1.671c0.043,0.949,0.052,1.234,0.052,3.637 s-0.009,2.688-0.052,3.637c-0.04,0.877-0.187,1.354-0.31,1.671c-0.163,0.42-0.358,0.72-0.673,1.035 c-0.315,0.315-0.615,0.51-1.035,0.673c-0.317,0.123-0.794,0.27-1.671,0.31c-0.949,0.043-1.233,0.052-3.637,0.052 s-2.688-0.009-3.637-0.052c-0.877-0.04-1.354-0.187-1.671-0.31c-0.42-0.163-0.72-0.358-1.035-0.673 c-0.315-0.315-0.51-0.615-0.673-1.035c-0.123-0.317-0.27-0.794-0.31-1.671C4.631,14.688,4.622,14.403,4.622,12 s0.009-2.688,0.052-3.637c0.04-0.877,0.187-1.354,0.31-1.671c0.163-0.42,0.358-0.72,0.673-1.035 c0.315-0.315,0.615-0.51,1.035-0.673c0.317-0.123,0.794-0.27,1.671-0.31C9.312,4.631,9.597,4.622,12,4.622 M12,3 C9.556,3,9.249,3.01,8.289,3.054C7.331,3.098,6.677,3.25,6.105,3.472C5.513,3.702,5.011,4.01,4.511,4.511 c-0.5,0.5-0.808,1.002-1.038,1.594C3.25,6.677,3.098,7.331,3.054,8.289C3.01,9.249,3,9.556,3,12c0,2.444,0.01,2.751,0.054,3.711 c0.044,0.958,0.196,1.612,0.418,2.185c0.23,0.592,0.538,1.094,1.038,1.594c0.5,0.5,1.002,0.808,1.594,1.038 c0.572,0.222,1.227,0.375,2.185,0.418C9.249,20.99,9.556,21,12,21s2.751-0.01,3.711-0.054c0.958-0.044,1.612-0.196,2.185-0.418 c0.592-0.23,1.094-0.538,1.594-1.038c0.5-0.5,0.808-1.002,1.038-1.594c0.222-0.572,0.375-1.227,0.418-2.185 C20.99,14.751,21,14.444,21,12s-0.01-2.751-0.054-3.711c-0.044-0.958-0.196-1.612-0.418-2.185c-0.23-0.592-0.538-1.094-1.038-1.594 c-0.5-0.5-1.002-0.808-1.594-1.038c-0.572-0.222-1.227-0.375-2.185-0.418C14.751,3.01,14.444,3,12,3L12,3z M12,7.378 c-2.552,0-4.622,2.069-4.622,4.622S9.448,16.622,12,16.622s4.622-2.069,4.622-4.622S14.552,7.378,12,7.378z M12,15 c-1.657,0-3-1.343-3-3s1.343-3,3-3s3,1.343,3,3S13.657,15,12,15z M16.804,6.116c-0.596,0-1.08,0.484-1.08,1.08 s0.484,1.08,1.08,1.08c0.596,0,1.08-0.484,1.08-1.08S17.401,6.116,16.804,6.116z\"><\/path><\/svg><\/a><\/div>\n<\/div>\n<\/div>\n<\/div>\n<\/div>\n","protected":false},"excerpt":{"rendered":"<p>Wyniki zawod\u00f3w o Wielk\u0105 Nagrod\u0119 Robin Hooda Rok: Styl: Klub \u0141uczniczy Robin Hood Poznaj sztuk\u0119 \u0142ucznictwa w przyjaznej atmosferze w dogodnej lokalizacji. Szybkie linki Nasza oferta Og\u0142oszenia Cennik Lokalizacje Dokumenty Regulamin klubu (PL) Club Rules and Regulations (EN) Polityka ochrony dzieci Regulamin sklepu Polityka prywatno\u015bci Kontakt (+48) 694 171 963 ksrobinhoodwaw@gmail.com ul. Marynarska 14, Warszawa<\/p>\n","protected":false},"author":1,"featured_media":0,"parent":0,"menu_order":0,"comment_status":"closed","ping_status":"closed","template":"","meta":{"footnotes":""},"class_list":["post-1013","page","type-page","status-publish","hentry"],"blocksy_meta":[],"jetpack_sharing_enabled":true,"_links":{"self":[{"href":"https:\/\/robinhood.waw.pl\/index.php\/wp-json\/wp\/v2\/pages\/1013","targetHints":{"allow":["GET"]}}],"collection":[{"href":"https:\/\/robinhood.waw.pl\/index.php\/wp-json\/wp\/v2\/pages"}],"about":[{"href":"https:\/\/robinhood.waw.pl\/index.php\/wp-json\/wp\/v2\/types\/page"}],"author":[{"embeddable":true,"href":"https:\/\/robinhood.waw.pl\/index.php\/wp-json\/wp\/v2\/users\/1"}],"replies":[{"embeddable":true,"href":"https:\/\/robinhood.waw.pl\/index.php\/wp-json\/wp\/v2\/comments?post=1013"}],"version-history":[{"count":11,"href":"https:\/\/robinhood.waw.pl\/index.php\/wp-json\/wp\/v2\/pages\/1013\/revisions"}],"predecessor-version":[{"id":1230,"href":"https:\/\/robinhood.waw.pl\/index.php\/wp-json\/wp\/v2\/pages\/1013\/revisions\/1230"}],"wp:attachment":[{"href":"https:\/\/robinhood.waw.pl\/index.php\/wp-json\/wp\/v2\/media?parent=1013"}],"curies":[{"name":"wp","href":"https:\/\/api.w.org\/{rel}","templated":true}]}}